me factors of n.
2, 7
Let j = 123 - 84. Suppose -42*x + j*x + 360 = 0. What are the prime factors of x?
2, 3, 5
Let j(s) = 11*s**3 + 6*s**2 - 5. Let w(y) = -34*y**3 - 17*y**2 + 14. Let q(g) = -17*j(g) - 6*w(g). Let x be 1/(-3)*21/(-7). List the prime factors of q(x).
2, 3
Suppose 50*l = -42*l + 62744. List the prime factors of l.
2, 11, 31
Let g = -18 - -49. What are the prime factors of g?
31
Let f be (39/(-9) - -5)/((-1)/(-30)). Suppose f*q = 24*q - 388. What are the prime factors of q?
97
Let a = -468 - -501. List the prime factors of a.
3, 11
Let u(w) = w**3 - 6*w**2 + 6*w - 2. Let a be u(5). Suppose -a*t + 15 = -69. What are the prime factors of t?
2, 7
Suppose 2*g = 4*u - 4 + 2, -22 = -5*u - 4*g. Suppose 2*v = u, -2*v + 145 = -5*y + 683. List the prime factors of y.
2, 3
Suppose 0 = 5*w - 15, -v - 2*w + 186 = 2*w. What are the prime factors of v?
2, 3, 29
Let y(f) = -36*f + 76. List the prime factors of y(-7).
2, 41
Let w be 8/(-5) + (-20)/50. Let r be (-296)/(-36) - w/(-9). Suppose -72 = -4*g - r. What are the prime factors of g?
2
Let c = -1894 - -2395. List the prime factors of c.
3, 167
Suppose -2*c = 9*x - 7*x - 1152, -c = 5*x - 588. What are the prime factors of c?
3, 191
Suppose i - 5 = 3*o, -2*i + 10 + 0 = -3*o. Suppose -i*z + 0*z = -360. List the prime factors of z.
2, 3
Let p = -31 + 29. List the prime factors of (2/(-8))/(p/24).
3
Let h = 364 - 253. Let o = h - 21. Suppose -4*k + 3*s + 10 = -111, -2*s - o = -3*k. What are the prime factors of k?
2, 7
Let o(b) = -2*b**3 - 36*b**2 + 29*b + 58. What are the prime factors of o(-19)?
229
Let k be 2/(-1)*679/14*-4. Suppose -482 = -5*s + 2*v, -3*s + 4*v + k = s. List the prime factors of s.
2, 3
Let c = -24 + 32. Suppose 3*m - u + 2*u = c, u = 3*m - 16. Suppose m*x - 7*x = 12, -2*x = -4*p + 220. What are the prime factors of p?
53
Suppose 6 = -4*c + 2*u + 26, 2*c + 4*u = -10. Let q(a) = -4*a + 2. Let f be q(c). What are the prime factors of 72*1/f*-5?
2, 3
List the prime factors of 1596 - (10 - 30/6).
37, 43
Let p(d) = 2*d**2 + 9*d - 6. Let x be (12/24)/(2*1/28). What are the prime factors of p(x)?
5, 31
Suppose -4*m + 2071 = -1709. List the prime factors of m.
3, 5, 7
Let r be (-30)/(-10) - (-4)/(4/15). What are the prime factors of (-2)/4 + 3807/r?
211
Let s(h) = 3*h**2 + 24*h - 165. What are the prime factors of s(20)?
3, 5, 101
Let p be ((-294)/(-10))/(4/20). What are the prime factors of p + 9*4/12?
2, 3, 5
Let i(j) = -3*j - 6. Suppose s + 28 = -3*s. Let r be i(s). Let g(n) = -n + 19. List the prime factors of g(r).
2
Suppose -2*n + 6*n - n = 0. Suppose n = 3*y - 0*y - 357. What are the prime factors of y?
7, 17
Suppose 0 = -11*v - 30*v + 12382. What are the prime factors of v?
2, 151
Let g = -83 + 150. Suppose -g = 10*u - 11*u. What are the prime factors of u?
67
Let g = -136 - -71. Let u be 24/10*g/(-26). Let x(z) = -z**3 + 7*z**2 - 3*z + 5. List the prime factors of x(u).
23
Suppose 1575 = 5*q - 2*m, 7*q - 4*q = -5*m + 945. What are the prime factors of q?
3, 5, 7
Let i be 6/10 - 416/(-65). Suppose -i*o = -12*o + 220. What are the prime factors of o?
2, 11
Let c(k) = k**2 - 4*k + 22. Let a be c(-9). Suppose -2*h = 3*l - a, -2*l + 4*h - h + 71 = 0. List the prime factors of l.
43
Suppose -7*g + 34 = -134. What are the prime factors of (35/15)/(4/g)?
2, 7
Suppose -53*f + 22032 = -15121. What are the prime factors of f?
701
What are the prime factors of -2*(-38)/4*59?
19, 59
Suppose -4*r + 32 = s, -2*r - 12 = s - 26. Suppose -d + 8 = 1. Suppose -d*k - 122 = -r*k. List the prime factors of k.
61
List the prime factors of (-9)/27 - (-4213)/3.
2, 3, 13
List the prime factors of (-3 - -2)/(0 - (-2)/(-982)).
491
Let z = -8 + 2. Let u = 10 + z. List the prime factors of u/(-6)*(-19 + 1).
2, 3
Suppose -d + 16 = 4*u + 3*d, -5*d - 36 = -3*u. Let n(f) = 16*f + 22. List the prime factors of n(u).
2, 67
Suppose 3*x = s, 0 = x - 5*s - 10 - 4. List the prime factors of 0 + (x - -1) - -27.
3
Let b = -9 + 14. Let s be 74/3 + b/15. Suppose 0 = -3*m + s + 23. What are the prime factors of m?
2
Suppose -7*s = -4*s - 81. Let z = 127 + -109. Let g = z + s. What are the prime factors of g?
3, 5
Let i be (-78)/4*(-80)/12. Suppose -6*p + p = -i. Let a = 57 - p. What are the prime factors of a?
31
Suppose -2*m + 432 = -4*k, k - 460 - 395 = -4*m. Suppose 9*n - m = 290. What are the prime factors of n?
2, 7
Let x(a) = 6*a**2 + 7*a - 9. Let h be -5 - 230/(-45) - (-44)/9. What are the prime factors of x(h)?
2, 11
Let k(d) = -d**2 + 7*d - 4. Let n be k(5). Let l be n + -3 - (0 - 1). Suppose -22 + 90 = l*p. What are the prime factors of p?
17
Suppose 737 + 2385 = 14*h. List the prime factors of h.
223
Suppose -25*q + 4 = -21*q. What are the prime factors of 114 - -3*(-2 - (-3)/q)?
3, 13
Let b(y) = 5*y - 20. Let j be b(8). Let u = j - 13. List the prime factors of u.
7
Let d be (23*60)/5 + -4. Suppose g - 52 = -0*g + q, -5*g = -q - d. List the prime factors of g.
5, 11
Let u(r) = 605*r + 15. Let k be u(-4). List the prime factors of (-3)/(-4) + k/(-52).
47
Let z be -10*(12/3)/(-8). Suppose -9*i = -z*i - 48. What are the prime factors of i?
2, 3
Suppose -3*w - 2*g = -4203, -2*g + 1401 = w - 6*g. List the prime factors of w.
3, 467
Suppose -2*u + 0*u + 11 = -k, u = 2*k + 4. Suppose 3*q - n + u*n = 65, -2*q - n = -55. Suppose -4*j + q = -j. List the prime factors of j.
2, 5
Let g(k) = -k**3 - 8*k**2 + 7*k - 13. Let v be g(-9). Suppose v*q + 4*n = 685, -4*n + 103 = 2*q - 171. What are the prime factors of q?
137
Suppose g = -5*f + 4913, -6*g + 4*g - 987 = -f. What are the prime factors of f?
983
Suppose 7*s - 2123 = 1244. List the prime factors of s.
13, 37
Suppose 0 = -21*t + 33942 - 9792. List the prime factors of t.
2, 5, 23
Suppose 25*a = 13639 + 11636. What are the prime factors of a?
3, 337
Let p = 9 - 6. Suppose 3*y + 45 = 2*t, 0 = -p*t - 2*t + 3*y + 90. Suppose 4*u + 2*w - 91 = -t, 0 = -5*u + 2*w + 77. List the prime factors of u.
17
Let n = -382 + 305. Let t(i) = -5*i**2 + i. Let d be t(3). Let j = d - n. List the prime factors of j.
5, 7
Suppose 0*s + 5*s = 30. Let q be (s/8)/((-1)/4). What are the prime factors of 6/9 + (-70)/q?
2, 3
What are the prime factors of 6 - (28525/(-200) + (-6)/16)?
149
Let h = -17 + 20. Suppose a - 44 = h. List the prime factors of a.
47
Let b(s) = s**2 - 3*s + 5. Let p be b(2). List the prime factors of p/2*(-112)/(-12).
2, 7
Let y be ((-21)/14)/((-1)/2). Suppose -7*r + 272 = -y*r. List the prime factors of -15*(r/(-20) + 3).
2, 3
Let g = -81 - -85. Suppose g*c + 828 = 4*t, t + 3*c - 210 = c. List the prime factors of t.
2, 13
Suppose -3*c = 3*d + 285, 2*d + 2*d + 359 = 3*c. Let f = 312 + d. List the prime factors of f.
2, 5, 11
Suppose -5*m = -362 + 57. Let z be (-91)/(-14) + (-40)/16. Suppose 7 + m = 4*r - z*u, u - 13 = -r. What are the prime factors of r?
3, 5
Let y(s) = -9*s - 37. Suppose -11 = 3*k + 22. What are the prime factors of y(k)?
2, 31
Let g = 6 + -5. Let t = g - 7. What are the prime factors of (-9 + 12)/((-2)/t)?
3
Suppose -40*m = -39*m - 882. What are the prime factors of m?
2, 3, 7
Let j(y) = -102*y - 14. What are the prime factors of j(-2)?
2, 5, 19
Let f = 45 - 48. List the prime factors of (f - -2)*57/(-1).
3, 19
Let k(a) = -a**3 + 27*a**2 - 28*a - 8. List the prime factors of k(25).
2, 271
Suppose 261 - 13 = 3*s - 5*h, 5*s = 5*h + 430. Suppose 9 = -2*q + s. What are the prime factors of q?
41
Let d(b) = -b**3 - 10*b**2 - 9*b + 5. Let t be d(-9). Suppose 0 = -t*l - 7 + 32. Suppose -93 = -l*c - 8. What are the prime factors of c?
17
What are the prime factors of 517 - (12/(-8) + 5/(-10))?
3, 173
Suppose 0 = -i - 3*i + 232. Suppose 4*u = -2*l + 254, -u + 2*l = -3*l - i. List the prime factors of (u/(-6))/(-7)*2.
3
Suppose 4*f - 6768 = 4*n, 3*f - n + 3393 = 5*f. What are the prime factors of f?
3, 5, 113
Let v(g) = 613*g**3 - 2*g**2 + g. List the prime factors of v(1).
2, 3, 17
Suppose -33*l - 32*l + 36010 = 0. List the prime factors of l.
2, 277
Let q = -2003 + 2927. What are the prime factors of q?
2, 3, 7, 11
Suppose -g + 1 = 9. Let v be (-13)/(g/(-4) - 1). Let q = -3 - v. What are the prime factors of q?
2, 5
Let v(y) = y**3 + 4*y**2 - 27*y + 30. What are the prime factors of v(10)?
2, 5, 29
Suppose -2*v = -r - 9, -2*r = 3*v - 3 + 7. Suppose -6 = -